= -5*b(y) + 3*k(y). Let p be h(3). Let g = 449 + -409. What is the greatest common divisor of p and g?
20
Suppose -2*y - q + 80 = 0, 3*q = -295*y + 291*y + 160. Suppose -3*b + 0 = 3*j - 3, b + 7 = j. Let r = j + 4. Calculate the greatest common factor of y and r.
8
Let f(c) = -c**2 + 59. Let k be ((-38)/16 - 12/(-32)) + -3. Let n be f(k). Calculate the greatest common factor of 170 and n.
34
Suppose -724 = -203*c + 199*c. What is the greatest common divisor of c and 5?
1
Let w(f) = 233*f**3 - 8*f**2 + 16*f - 23. Let z be w(3). Calculate the highest common factor of 196 and z.
28
Suppose n - 3*r = -0*n + 45, -72 = -2*n - 3*r. Let y be ((-1)/((-5)/12))/((-2)/5). Let w be 39/(-2)*y*8/24. What is the greatest common divisor of n and w?
39
Let l be (-45)/(-63) + (-600)/(-42). What is the highest common factor of 20985 and l?
15
Let q be (-2)/6*0 - -90. Let k(u) = 4*u**2 - 32*u - 110. Let i be k(-5). Calculate the highest common divisor of i and q.
30
Suppose -5*q - 3*c = -342, 4*q - 840 = 3*c - 561. What is the highest common divisor of 2714 and q?
23
Let f(v) be the second derivative of v**3/6 - 11*v. Let g(p) = 2*p**2 + p. Let c be g(-1). Let a be f(c). What is the greatest common divisor of a and 2?
1
Let f = -20 - -36. Suppose 0 = -15*s + 237 - 132. What is the greatest common divisor of s and f?
1
Let s = 549 - 220. Let q(l) = 3*l**2 + 5*l + 16. Let w be q(-6). Calculate the greatest common factor of s and w.
47
Let f be (-413830)/(-35) - 5*(-34)/595. What is the highest common factor of f and 8?
8
Suppose 4414 = -11*c + 8752 + 13086. Calculate the greatest common divisor of c and 99.
99
Suppose -2*s - 1083 = -5*c, -4*s + 625 = 3*c + s. Let t(x) = x**3 + 21*x**2 + 19*x + 23. Let z be t(-20). What is the greatest common divisor of z and c?
43
Suppose -3*a + 7*v + 398 = 0, 2*v = -4*a - 192 + 734. Let r = 42 + 12. Calculate the greatest common factor of r and a.
27
Let t be (-30)/21*24*-7. Let y = 390 - 185. Let f = y + -175. Calculate the greatest common divisor of t and f.
30
Let h be 0 + (103 + -3)*1. Let t be 100*(-20)/8*-1. What is the highest common factor of h and t?
50
Suppose -2*p = -g - 15, -4*g = -5*p + g + 30. Suppose 121 = 2*k + p*k. What is the greatest common divisor of 22 and k?
11
Suppose 0 = o - 34*d + 36*d - 315, 0 = 5*d + 25. What is the highest common divisor of 450 and o?
25
Suppose 20342*y + 280112 = 20358*y. Calculate the greatest common divisor of 41 and y.
41
Let b = 2584 + -2029. Calculate the greatest common divisor of 75 and b.
15
Let f be 420/(-280)*-3*62/9. Let y = -12 - -32. Let k = f - y. What is the greatest common factor of k and 44?
11
Suppose 357 = -16*q + 9*q. Let z = q - -100. Calculate the greatest common divisor of 49 and z.
49
Let s(l) = 16*l - 4*l**3 - 5*l**2 - 2*l**2 + 11 + 3*l**3 + 0*l**2. Let x be s(-9). What is the highest common factor of 87 and x?
29
Let v(o) = -38*o + 929. Let a be v(24). What is the highest common factor of a and 901?
17
Let d = 546 + -185. Suppose 0 = 2*l - 1025 - d. Calculate the highest common factor of l and 77.
77
Let n be 1*(2 + 2/(-2)). Let w(u) = -14*u + 31 + 14*u + 15 - 7*u. Let b be w(6). What is the greatest common factor of n and b?
1
Suppose 3*g + 18 = 3*u, -3*u + g = -4*u - 2. Let s(j) = 12*j + 1 - 2 + 3 + 4. Let w be s(u). What is the highest common divisor of w and 20?
10
Let m be (-2787)/21 + (-22)/77. Let w = m - -138. Calculate the greatest common factor of w and 180.
5
Let b be 48*1 - (-283 - -294). What is the greatest common divisor of b and 37?
37
Let n(c) = 1514*c**3 - 2*c**2 + 15*c - 15. Let z be n(1). Calculate the greatest common divisor of 10962 and z.
378
Suppose 3*u - 2*a + 2 = 0, -3*u - 2*a + 14 = -0*a. Suppose -o = -4*w + 139, -5*w + u*w + 3*o + 93 = 0. Calculate the highest common factor of 48 and w.
12
Suppose -501*m = -498*m + 3*f - 315, m - 5*f = 87. What is the highest common factor of m and 1734?
102
Suppose 2*c - 3 = -c, 3*t + 3*c - 3972 = 0. What is the highest common factor of t and 98?
49
Let i = 65 + -68. Let k = -11 - i. Let r = k + 78. What is the highest common factor of r and 10?
10
Suppose -7024*b + 7180*b - 5685108 = 0. What is the greatest common factor of 11 and b?
11
Let d(z) = 4*z + 28. Suppose 2*n - 4*j - 18 = 0, 1 = 5*n - 2*j - 44. Let k be d(n). Let w be -12*(-2)/12*8. What is the greatest common divisor of w and k?
16
Let y(l) = l**3 - 37*l**2 - 118*l - 53. Let f be y(40). Calculate the greatest common factor of 5751 and f.
27
Let y(w) = 2*w**2 - w + 7. Let q be y(-5). Let a be 1*13 - (-536)/(-67). Let v be (-1 - 0)*a - -160. Calculate the greatest common divisor of q and v.
31
Suppose 2*o + 8365 = 5*g, 2*g - 33*o + 29*o = 3330. Suppose -g = -11*n + 261. Calculate the greatest common factor of 32 and n.
16
Let f = 84 + -101. Let t(o) = -o**2 - 19*o - 35. Let r be t(f). Let y be 5/r*(-336)/5. What is the highest common factor of y and 48?
48
Let j(u) = 3*u**2 - 21*u + 575. Let t be j(0). What is the greatest common factor of t and 50?
25
Let t = 9249 + -9231. What is the greatest common divisor of t and 10953?
9
Suppose 2*c - 18 = -2*r, 0*r = -r - 2*c + 7. Suppose -r*z = -19*z + 624. What is the highest common divisor of z and 6?
6
Let m(d) = -11*d**2 - 11*d + 16. Let a be m(-6). Let p be 0 + 3 - a/2. What is the highest common factor of p and 64?
32
Suppose -4*k - 9 = -25. Let m be 6*(-2 - (-10)/k). Let i(w) = -w**2 + 3*w + 16042. Let x be i(128). What is the greatest common factor of x and m?
3
Suppose y + 3*g - g - 134 = 0, 16 = -4*g. Let o = 166 - y. Calculate the highest common divisor of o and 456.
24
Suppose -r + 39 - 6 = 4*c, -26 = -2*r + 2*c. Let o(q) = -4*q**3 + 69*q**2 - 10*q - 11. Let d be o(r). What is the greatest common factor of 8 and d?
4
Let r(d) be the second derivative of 5*d**4/12 + 2*d**3/3 - 6*d**2 + 5*d - 7. Let z be r(3). What is the greatest common factor of 18 and z?
9
Let h(a) = -a**3 - 23*a**2 + a + 56. Let m be h(-23). What is the highest common factor of 3762 and m?
33
Let r be (4 - 7) + 17 + 22. Calculate the highest common factor of 684 and r.
36
Suppose 16714 = 5*u - 2*d, -9128 = -5*u + 3*d + 7588. What is the greatest common divisor of u and 2?
2
Let b(x) = 28*x**2 + 133*x - 14. Let r be b(-5). Suppose 9*j = 12*j - 252. What is the highest common divisor of j and r?
21
Let v be (-912)/(-9) + 4/6. Suppose 104*g - v*g = 1122. What is the highest common factor of g and 11?
11
Let c(s) = -5*s - 17 - 650*s**2 + 643*s**2 - s**3 + 2*s. Let q be c(-7). Let i = -240 - -340. What is the greatest common factor of q and i?
4
Suppose -216 = 24*o - 288. Suppose 5*p = 7 + 8. Let l be ((-2)/(-3))/(p/54). What is the highest common factor of o and l?
3
Suppose -297 = 5*a - 47. Let o = 239 + a. What is the greatest common divisor of o and 54?
27
Let l(o) = o**2 + 3*o + 2. Let q be l(-6). Suppose 5*x = 3*x + q. Suppose v - 7 - x = -4*j, -3*v - 3*j = -33. Calculate the greatest common divisor of v and 18.
9
Let y be (6/(-5))/(14/(-105)). Suppose 5*b - y*b - 5*l + 471 = 0, -4*b + 468 = 4*l. What is the greatest common divisor of b and 12?
6
Let q(c) = -15*c**2 + 279*c - 94. Let z be q(18). What is the greatest common divisor of z and 10676?
68
Let m = 566 - 115. Calculate the greatest common factor of m and 205.
41
Suppose 5*t - 2*t - 102 = 0. Let o be (-16008)/(-460) + (-12)/(-10) + -2. Calculate the greatest common divisor of t and o.
34
Suppose 4*r + l - 14 = 0, -4*l + 11 = 3*r - 2*r. Suppose 162 + 117 = r*s. Suppose -11*i + s = -8*i. Calculate the greatest common factor of 124 and i.
31
Suppose 0 = 4*v - 3*n + 24, -4*v - 34 - 14 = 3*n. Let z(q) = -81*q - 177. Let x be z(v). What is the greatest common divisor of 24 and x?
24
Suppose -3*m + 3153 = 1572. Calculate the greatest common divisor of m and 119.
17
Suppose -3*j + 5*c = -3626, j + 23*c = 19*c + 1220. What is the highest common divisor of 36 and j?
12
Let u(a) = -14*a - 940. Let t be u(-68). Let p = 2 + -12. Let d(w) = -7*w + 14. Let k be d(p). Calculate the greatest common factor of t and k.
12
Suppose 348 = 3*j + 3*f, -184 = 2*j + 5*f - 410. What is the highest common factor of 22361 and j?
59
Let v be (30/5 + 0)*(-6)/4. Let z be 9 + v - 3/(3/(-4)). Suppose -4*r = -z*i + 60, i = 6*i + 5*r - 115. What is the highest common divisor of 133 and i?
